w(b) = -2*b**3 + b - 57. Determine w(0).
-57
Let z(o) = -3*o**2 + 5*o - 27. Give z(0).
-27
Let c(p) = -2*p**2 - 17*p - 14. Calculate c(-6).
16
Let p(s) = -s**2 + 4*s + 3. Give p(7).
-18
Let n(p) = p**3 - 4*p**2 - 12*p + 6. What is n(6)?
6
Let o(u) = 31*u + 65. Give o(-2).
3
Let m(j) = 63*j - 116. Determine m(2).
10
Let n(a) = 7*a + 1. What is n(-1)?
-6
Let q(b) = b**2 + 3*b + 21. Determine q(0).
21
Let z(u) = 2*u**2 + u - 4. Give z(2).
6
Let r(d) = d**2 - 10*d. Calculate r(10).
0
Let g(a) = 15*a**2 + a + 1. What is g(-1)?
15
Let h(s) = s**2 + s + 20. Give h(0).
20
Let g(t) = 24*t - 53. Calculate g(2).
-5
Let c(v) = v - 7. Give c(0).
-7
Let x(n) = -n**3 + 4*n**2 + 8*n - 6. What is x(5)?
9
Let y(b) = -b**2 + 5*b + 1. What is y(-6)?
-65
Let z(f) = -f**3 - 42*f**2 - 403*f + 53. What is z(-27)?
-1
Let c(u) = -26*u - 308. Determine c(-12).
4
Let l(d) = -d**2 - 4*d + 14. What is l(-6)?
2
Let k(l) = l + 19. What is k(-19)?
0
Let n(x) = -x**2 - 8*x - 6. What is n(-6)?
6
Let a(d) = -d + 58. Give a(39).
19
Let k(m) = 38*m - 8. Calculate k(0).
-8
Let v(p) = p**2 - 16*p - 17. Calculate v(18).
19
Let r(b) = 6*b + 31. Give r(-5).
1
Let l(d) = -29*d**2 - d + 1. Calculate l(1).
-29
Let c(v) = -v**2 + 4. What is c(-5)?
-21
Let a(t) = 3*t - 9. Determine a(-1).
-12
Let s(g) = 2*g + 58. What is s(-29)?
0
Let x(i) = -2*i**2 - 18*i - 25. Give x(-6).
11
Let d(s) = -s**2 + 4*s + 3. Give d(-3).
-18
Let y(q) = -q**2 - q + 7. Determine y(6).
-35
Let f(l) = l**2 - 9*l + 19. What is f(8)?
11
Let w(z) = -z**2 + 16*z + 27. What is w(17)?
10
Let m(c) = -c**2 - 15*c - 61. Calculate m(-8).
-5
Let a(w) = -8*w + 289. Calculate a(39).
-23
Let u(j) = j - 2. Determine u(-6).
-8
Let k(v) = v - 8. What is k(12)?
4
Let q(x) = -2*x**3 + 2*x**2 - 8*x - 31. What is q(0)?
-31
Let a(b) = b - 1. Give a(11).
10
Let k(o) = o**3 + 3*o**2 - 7*o - 5. What is k(-4)?
7
Let a(j) = -2*j**2 - 27*j + 5. What is a(-13)?
18
Let h(t) = t**3 - 3*t**2 - 5*t - 11. Calculate h(5).
14
Let f(l) = 5*l - 32. Give f(7).
3
Let q(m) = -m**3 + 6*m**2 + 113*m - 24. Determine q(14).
-10
Let p(l) = l**2 + 4*l - 6. Determine p(-5).
-1
Let w(i) = 33*i - 193. What is w(6)?
5
Let d(s) = -s**3 + 26*s**2 - 29*s + 92. Determine d(25).
-8
Let m(g) = -g**2 - 4*g + 1. Give m(5).
-44
Let v(q) = -108*q - 105. Give v(-1).
3
Let w(x) = -x - 10. Determine w(-9).
-1
Let n(w) = -w**3 + 15*w**2 + 15*w + 22. Calculate n(16).
6
Let h(c) = -3*c**2 - 21*c + 22. Calculate h(-8).
-2
Let t(z) = z**2 + 32*z + 124. Calculate t(-5).
-11
Let q(v) = -v - 11. Give q(10).
-21
Let i(y) = -3*y**2 - 33*y + 7. Give i(-5).
97
Let t(x) = -x + 33. Calculate t(0).
33
Let u(z) = z**3 - 24*z**2 + z - 15. Determine u(24).
9
Let i(z) = 2*z**2 + 5*z + 6. What is i(-4)?
18
Let d(r) = -r + 15. Calculate d(6).
9
Let r(i) = i - 5. What is r(4)?
-1
Let t(g) = -4*g + 32. Calculate t(9).
-4
Let v(s) = s - 7. Determine v(3).
-4
Let p(k) = 18*k - 52. Calculate p(5).
38
Let h(j) = 11*j - 19. Give h(-2).
-41
Let r(w) = 2*w**3 - 8*w**2 + 2*w + 5. Determine r(3).
-7
Let l(m) = m**2 - 8*m - 11. Determine l(8).
-11
Let i(b) = b**3 - 8*b**2 + 11*b - 10. Give i(5).
-30
Let a(z) = 2*z**2 + 7*z - 2. Give a(2).
20
Let r(y) = 10*y - 53. Give r(3).
-23
Let g(n) = -2*n - 25. Calculate g(-11).
-3
Let i(d) = -d**3 + 9*d**2 + 24*d - 20. Determine i(11).
2
Let t(k) = k**2 + 20*k - 4. What is t(-20)?
-4
Let v(p) = -4*p**3 - 4*p**2 + 3*p - 2. Give v(3).
-137
Let y(h) = -h**2 + h - 17. Give y(-8).
-89
Let n(i) = -i**3 - 16*i**2 - 19*i - 4. Calculate n(-15).
56
Let w(g) = -3*g - 1. Calculate w(2).
-7
Let c(v) = -v**2 - 11*v - 21. Give c(-10).
-11
Let b(y) = y**3 - 6*y**2 - 3*y + 15. Give b(6).
-3
Let j(q) = q**3 - 4*q**2 + 3*q - 3. Determine j(2).
-5
Let p(y) = 2*y**3 - 3*y**2 + 2*y. What is p(2)?
8
Let j(p) = p**3 - 13*p**2 + 10*p + 28. Calculate j(12).
4
Let p(s) = -8*s - 16. Determine p(-5).
24
Let v(r) = r**2 - 4*r + 70. Calculate v(7).
91
Let w(k) = -k**3 + 3*k**2 + k + 1. Determine w(3).
4
Let i(x) = -x**3 + 19*x**2 + 68*x - 59. Give i(22).
-15
Let w(b) = b**2 + 3*b. Determine w(-1).
-2
Let v(f) = f**3 - 30*f**2 - 63*f - 10. Determine v(32).
22
Let w(l) = -3*l**2 + 19*l + 41. What is w(8)?
1
Let h(d) = -d**3 - 8*d**2 + d + 12. Calculate h(-6).
-66
Let a(k) = -4*k**2 - 29*k - 25. Calculate a(-7).
-18
Let h(a) = 4*a - 133. Give h(26).
-29
Let y(u) = u**3 - 4*u**2 - 4*u + 3. What is y(4)?
-13
Let h(r) = -r**2 - 9*r - 20. Determine h(-4).
0
Let m(t) = -8*t - 2. Determine m(-5).
38
Let d(b) = -b**2 - 3. Give d(-2).
-7
Let n(u) = -u**2 - 3*u + 24. Determine n(-6).
6
Let a(k) = -k**3 - 5*k**2 + 5*k - 13. Determine a(-8).
139
Let q(o) = 23*o**3 + 2*o - 1. Determine q(1).
24
Let w(y) = -10*y - 19. Calculate w(-1).
-9
Let o(v) = 4*v - 17. What is o(7)?
11
Let t(m) = -2*m**3 + 5*m**2 - 5*m + 24. Calculate t(5).
-126
Let g(j) = j**3 + 8*j**2 + 11*j - 2. What is g(-6)?
4
Let g(t) = -t + 49. Give g(18).
31
Let d(y) = y**3 - 24*y**2 - 27*y + 38. Calculate d(25).
-12
Let y(q) = 4*q**3 - 4*q**2 + 3*q. Calculate y(2).
22
Let o(c) = c**2 - 27*c - 32. Give o(16).
-208
Let s(j) = j**2 + 27*j - 21. What is s(-28)?
7
Let m(v) = 2*v + 11. What is m(0)?
11
Let r(b) = 4*b + 63. What is r(-18)?
-9
Let a(w) = 4*w + 28. Determine a(-7).
0
Let w(r) = -22*r - 100. Determine w(-5).
10
Let w(h) = -2*h**3 - 2*h**2 - 3*h - 2. Give w(-3).
43
Let q(j) = 61*j + 126. What is q(-2)?
4
Let j(o) = -2*o**2 - 50*o + 456. Calculate j(7).
8
Let o(x) = x**3 - 5*x**2 + 5*x - 5. Calculate o(4).
-1
Let j(s) = 113*s - 117. Calculate j(1).
-4
Let i(u) = 8*u**2 + 3*u + 3. Calculate i(-2).
29
Let y(b) = 9*b**2. What is y(1)?
9
Let u(v) = -v**3 + 7*v**2 - 6*v - 1. Determine u(6).
-1
Let j(t) = t**3 - 2*t**2 - 11*t - 15. What is j(5)?
5
Let c(q) = q**2 - 67*q + 731. Give c(53).
-11
Let n(g) = g**2 + g - 28. What is n(0)?
-28
Let k(o) = -13*o + 657. Determine k(51).
-6
Let h(y) = 3*y + 21. Determine h(-10).
-9
Let a(v) = -v**3 - 5*v**2 - 2*v - 4. Give a(-6).
44
Let d(o) = -5*o**2 - 2*o + 1. Give d(-2).
-15
Let h(z) = 2*z + 3. Calculate h(0).
3
Let d(b) = -4*b - 11. What is d(2)?
-19
Let s(d) = d**2 - 12*d + 5. Give s(10).
-15
Let j(p) = -8*p**3 + p**2 + p - 1. Give j(1).
-7
Let z(j) = -8*j - 18. Calculate z(-2).
-2
Let q(d) = 2*d**2 - 8*d - 7. What is q(-1)?
3
Let b(i) = 3*i - 2. What is b(1)?
1
Let g(d) = -d + 9. Determine g(25).
-16
Let d(f) = -2*f**2 + f + 2. Give d(1).
1
Let p(m) = 10*m**2. What is p(1)?
10
Let k(t) = -34*t**2 - 100*t + 4. What is k(-3)?
-2
Let u(m) = -m**3 + 5*m**2 + 13*m - 52. Calculate u(3).
5
Let w(l) = -l - 3. What is w(1)?
-4
Let u(d) = -2*d**2 + 4*d + 5. Calculate u(4).
-11
Let p(h) = 5*h - 16. What is p(-6)?
-46
Let t(w) = w**3 + 11*w**2 + 4*w + 11. What is t(-11)?
-33
Let z(v) = -7*v**2 + 2*v + 3. Determine z(-2).
-29
Let i(z) = -4*z - 8. Give i(9).
-44
Let s(f) = 2*f**2 - 26*f + 6. What is s(13)?
6
Let v(p) = p - 20. Determine v(-8).
-28
Let k(h) = h**2 + 10*h + 16. Give k(-5).
-9
Let r(y) = -y**3 + 17*y**2 - 18*y + 30. Calculate r(16).
-2
Let o(h) = -h + 4. Give o(-4).
8
Let i(h) = -9*h - 14. Determine i(-7).
49
Let m(v) = v**2 + 2*v + 1. Determine m(-2).
1
Let b(y) = -2*y**2 + 20*y - 6. What is b(9)?
12
Let c(f) = -f**3 - f**2 - 4*f + 111. Calculate c(0).
111
Let l(f) = -6*f**2 - 6*f + 1. Give l(-4).
-71
Let z(m) = m**2 - 21*m + 41. Determine z(19).
3
Let x(j) = j**3 + 6*j**2 + 5. Calculate x(-5).
30
Let x(a) = -8*a - 22. What is x(-7)?
34
Let d(u) = 80*u + 475. Calculate d(-6).
-5
Let b(p) = -p**2 + 18. What is b(0)?
18
Let k(u) = -84*u - 417. Determine k(-5).
3
Let g(v) = -16*v + 166. Give g(10).
6
Let y(i) = i**3 - 4*i**2 - 6*i + 6. Determine y(5).
1
Let i(a) = 2*a + 33. Calculate i(-6).
21
Let h(t) = 12*t - 34. Determine h(3).
2
Let t(g) = g + 8. Determine t(0).
8
Let q(w) = 10*w + 13. Give q(-1).
3
Let l(b) = 12*b**2 - 3*b. Give l(1).
9
Let t(h) = h**2 - 10*h - 49. Calculate t(14).
7
Let t(j) = j**3 - 12*j**2 - j - 1. Give t(12).
-13
Let h(a) = 4*a - 8. Calculate h(-3).
-20
Let r(f) = -2*f - 7. What is r(-6)?
5
Let w(v) = -33*v**2 + 4*v + 1. Determine w(-1).
-36
Let c(u) = -u**2 - 3*u + 15. What is c(2)?
5
Let a(i) = 5*i**2 + 67*i + 27. What is a(-13)?
1
Let z(k) = k**3 - 12*k**2 - k - 1. Calculate z(12).
-13
Let n(y) = 6*y**2 - 5*y + 4. What is n(2)?
18
Let h(j) = -7*j + 42. What is h(6)?
0
Let i(l) =